i) be the first derivative of -5*i**3/3 - i**2/2 - 43. Determine j(-1).
-4
Let z(h) = -h**2 - 6*h + 11. Let m(j) = 4*j. Let x be m(-2). Let t be z(x). Let r(o) = -8 - 3*o - 3 + 4. Determine r(t).
8
Let b(r) = r**3 + 4*r - 6. Let i = -4 + 7. Let x(u) = 2*u**3 + u**2 + 5*u - 7. Let n(w) = i*b(w) - 2*x(w). Give n(-3).
-1
Let b(n) = n - 2. Let q(m) = 12*m - 27. Let g(w) = -54*b(w) + 4*q(w). Give g(-1).
6
Let z(v) = -3*v**2 - v**3 + 0 - 3*v**2 - 3*v + 2*v**2 + 3. Determine z(-4).
15
Let f(i) be the first derivative of 1/2*i**2 + 0*i - 4. Give f(-6).
-6
Let l(o) = -o**2 - 15*o - 12. Let f be l(-16). Let n be 8/12 + f/6. Let s(u) = u**2 + 2*u + 2. Calculate s(n).
10
Let b = 4 - 4. Let m(l) be the second derivative of 3*l - 1/6*l**3 - 1/2*l**2 + 5/12*l**4 + b. What is m(-1)?
5
Let s(a) = a**3 + 5*a**2 + 5. Let o(r) = 2*r + 9. Let v = -1 - -5. Suppose -2*m - 4*i = -v*m - 34, -2*m = -i + 19. Let b be o(m). Give s(b).
5
Let m(w) = -w**3 - w**2 - w - 1. Let a be m(-1). Let c(l) = l - 5. Calculate c(a).
-5
Suppose 5*z - 3*t = t - 10, -49 = 4*z + 5*t. Let b(p) = -p**2 - 4*p + 2. Determine b(z).
-10
Let f(o) = -o**3 + 10*o**2 - 8*o - 5. Let x = -7 + 16. Let n be f(x). Let k(a) = a**2 - 5*a + 3. Give k(n).
-1
Let i(w) be the third derivative of -w**4/24 + 2*w**2. Suppose d = 2*d - 1. Suppose 2*u - 18 = 5*g, 5*g + 5*u = d + 9. Determine i(g).
2
Let g(n) = 3*n**2 - 10*n - 4. Let h(f) = 4*f**2 - 11*f - 5. Let p(a) = 5*g(a) - 4*h(a). Suppose -5*b + 5*k - 16 = 9, 2*b = -k - 10. What is p(b)?
5
Let s be (-6)/4 + (-57)/(-2). Let m be (-2)/3*s/(-6). Let w(q) = 3*q**m - 3 + 7*q - 2*q**3 - 1 - 5*q**2 - q. Calculate w(4).
4
Let u = 11 - 15. Let l = u + 8. Let p(v) = 3*v**3 + 4*v**2 - 3*v + 7. Let h(c) = -4*c**3 - 4*c**2 + 4*c - 8. Let k(d) = 4*h(d) + 5*p(d). What is k(l)?
7
Suppose 0 = -5*r - 4*i - 7, 8*i - 3*i + 13 = -2*r. Let u be (-2)/6*(-13 + r). Let j(a) = -3*a**2 + 4*a**2 + 6 + u*a - 2. Determine j(-4).
4
Let l(g) = g**2 + 4. Let a be ((-2)/(-4))/(1/8). Let b be (-1)/(-2) - (-18)/a. Suppose -b*f + 3*i = 12, 2*i - 3 - 5 = 0. Determine l(f).
4
Let v(i) = -1 + 43*i + 0 - 39*i. Let s(l) = -l - 1. Let g be s(-4). Calculate v(g).
11
Let g(l) = -l**2 + 3*l - 3. Let z(i) = -i + 15. Let x be z(18). Let a be -3 - ((-8)/1 - x). Calculate g(a).
-1
Let k(m) = -7*m**2 - 24*m**3 - 5 - 27*m**3 + 6*m + 52*m**3. Calculate k(6).
-5
Let l be 357/(-84) - (-6)/(-8). Let m(i) = 0*i**2 - i**2 + 2*i**3 + 0*i**3 + 3. Let g(u) = -u**3 + u**2 - 1. Let s(d) = 11*g(d) + 6*m(d). What is s(l)?
7
Let g(y) = 3*y + 4. Let o be g(-3). Let k(n) be the second derivative of -n**5/20 - n**4/2 - 4*n**3/3 - 2*n**2 - 6*n. Give k(o).
11
Let s(z) be the first derivative of 5*z**3/3 - z - 3. Determine s(-2).
19
Let p(y) = -5 + 2*y**2 + 0 + 6*y - 1. Let b(c) = -5*c**2 + 7 + 2*c**2 + 4*c**2 - 3*c**2 - 7*c. Let d(u) = -2*b(u) - 3*p(u). Calculate d(-4).
-12
Let p(w) = -34 + 2*w + 18 + 24. Determine p(-6).
-4
Let p(w) = -2*w + 4. Suppose 5*l + 41 = -3*g, -g - 3*g + 5*l = 8. Let u = 12 + g. What is p(u)?
-6
Let u = 1 - -1. Let r be -3*(-6)/9 - -6. Let g(q) = 5*q**3 - 8*q**2 + 3*q + 3. Let z(a) = -2*a**3 + 3*a**2 - a - 1. Let p(i) = r*z(i) + 3*g(i). Calculate p(u).
-5
Let y(m) be the third derivative of m**4/24 - m**3/6 + 3*m**2. Suppose -2*q = 2*z + 3*z + 15, 0 = -3*z - 4*q - 9. Calculate y(z).
-4
Let i(l) = -l + 14. Let j = -29 - -38. Let a be i(j). Let y(c) = -c + 10. Calculate y(a).
5
Let u(y) = y**3 + 6*y**2 - 2*y - 9. Let p = -4 + -2. Let d be u(p). Let f(o) = -o - 2*o - 2*o + 2*o**2 + 2. Calculate f(d).
5
Let c(p) = -p**3 + 3*p**2 - p - 2. Let o be 2 - 0/(-2) - -14. Suppose -3*x + x = o. Let m be -3*(x/(-3))/(-4). What is c(m)?
0
Suppose 0 = -s - 2*x - 2, s - 33 + 7 = 5*x. Let d(k) = -k + 14. Calculate d(s).
8
Let k be 9*4*3/54. Let f(t) = 2*t**2 - 2*t + 3. Calculate f(k).
7
Suppose 16*b = 14*b + 14. Let g(s) = s**3 - 8*s**2 + 8*s - 4. Determine g(b).
3
Suppose h = -0 - 3. Let m(w) = 8*w**2 + 5*w - 4. Let i(v) = v**2 - 1. Let r(d) = 6*i(d) - m(d). Calculate r(h).
-5
Let q = -5 + 6. Let w(s) = -3*s**2 - s - 4. Let j(t) = t**3 + t - 1. Let c(d) = q*w(d) - j(d). Give c(-3).
3
Let m(g) = -4*g. Let q = -12 + 26. Suppose 5*n + 4 - q = 0. Determine m(n).
-8
Let b(u) = -u**2 + 4*u. Let c(g) = -4*g + 14. Let t(i) = 3*i - 13. Let d(n) = 5*c(n) + 6*t(n). Let r be d(-5). Calculate b(r).
4
Let a(j) = j**2 + 2*j + 3. Let x be 16/(-7) + (-8)/(-28). Let y be (-1 - x) + (4 - 2). Suppose -y*b + 9 = 0, 4*s - 6*b = -4*b - 14. What is a(s)?
3
Let h be (-94)/(-18) + 2/(-9). Let n = 17 - 15. Suppose 0*x = h*u - n*x, -4*u + 4*x + 12 = 0. Let j(y) = 2*y**2 + 2*y + 2. Determine j(u).
6
Let c(f) = -2*f - 4. Let j be (-64)/(-28) + 6/(-21) + -6. Give c(j).
4
Let t(p) = p**3 + p**2 - p. Let m be t(0). Let o(i) = i**2 - 3. Give o(m).
-3
Let l(c) = 3*c - 12. Let y(s) = 3*s - 13. Let h(j) = -5*l(j) + 4*y(j). Calculate h(7).
-13
Let l(g) = g. Let z = -1 + -4. Let b be 0/2 - (-4 - -2). Let u = z + b. Give l(u).
-3
Let v be (3/(-9))/((-2)/12). Suppose 3 + 6 = -5*j + v*g, g + 12 = -3*j. Let c(k) = -2*k**2 - 3*k - 1. What is c(j)?
-10
Suppose o + 1 = 4. Let s(r) = -2 + 0 - 1 - o + r. Determine s(-5).
-11
Let m(r) = -r**2 + 8*r - 5. Let x(y) = 6*y**2 + y + 1. Let n be x(-1). Give m(n).
7
Let l = -82 + 76. Let a(t) = t**2 + 6*t - 2. Determine a(l).
-2
Let l = -7 + 14. Let u(y) = y**3 - 7*y**2 - 4. What is u(l)?
-4
Let n(p) = -7*p**2 + 4*p + 4. Let q(w) = 20*w**2 - 11*w - 11. Let o(d) = -17*n(d) - 6*q(d). What is o(-2)?
-2
Let t(s) = s**2 + 1. Let y(a) = -4*a**2 + a - 5. Let o(l) = 9*t(l) + 2*y(l). Let g be 72/(-6) - -7 - 6/(-2). Calculate o(g).
-1
Let b(n) be the third derivative of -n**8/20160 + n**6/240 + n**5/6 - 7*n**2. Let i(p) be the third derivative of b(p). Determine i(0).
3
Let x(o) = o**3 - 6*o**2 - 2*o + 9. Suppose 3*m - s = -35, -3*m + 4*s - 32 = -0*s. Let k be (2/6)/(m/(-216)). Calculate x(k).
-3
Let o(m) = -m**2 - 5*m + 3. Let g be o(-6). Let n(c) be the second derivative of c**3/3 - c**2/2 + 11*c. Give n(g).
-7
Let f(l) be the first derivative of -l**2/2 - 5*l - 1. Let q(i) be the second derivative of i**3/2 + 13*i**2/2 + 4*i. Let w be q(-6). Give f(w).
0
Let a(s) = 3*s - 12. Let r be a(4). Let m(c) = -c**3 + 12. Determine m(r).
12
Let l(n) = -n**3 + 9*n**2 - 4*n - 9. Let a(d) = -d**3 + 10*d**2 - 6*d - 10. Let w(j) = 3*a(j) - 4*l(j). Calculate w(6).
-6
Let t be 4/1*(9 - 4)/(-5). Let z(y) = -y**3 - 5*y**2 - 3*y - 2. Determine z(t).
-6
Let u be ((-24)/(-14))/((-4)/14). Let h(f) = -2*f - 6. Calculate h(u).
6
Let d(r) = -r**3 - 7*r + 6. Let v(s) = s**3 + s**2 + 7*s - 5. Let t(b) = -5*d(b) - 6*v(b). Give t(-5).
10
Let o = 23 + -28. Let y(z) = -z**3 - 4*z**2 + 2*z - 4. Determine y(o).
11
Let u be -2*4/(11 - 3). Let m(o) be the third derivative of o**4/8 - o**3/6 - 2*o**2. What is m(u)?
-4
Let q(u) = -u**3 + u**2 + 2*u + 1. Let m = -7 + 10. Let f be (m + -4)/(1/6). Let w = 5 + f. Determine q(w).
1
Let o(k) = 3*k - 7*k**2 - 3*k - 5*k + 8*k**2. Give o(4).
-4
Let z(h) = -5*h + 2 - 13*h**3 + 3*h + h**3 - 3. Give z(-1).
13
Let n(p) = p - 1. Let y(a) = -3*a - 17. Let m be (14/6)/(1/(-3)). Let r be y(m). Give n(r).
3
Suppose 0 = 3*u + 2*u - t - 19, -u = t + 1. Suppose -3*i + u*g = -21, 3*i - i - 2 = -g. Let h(c) = -2*c - 1 + 3*c - c**i + 0*c. Calculate h(2).
-7
Suppose 3*n = n + 10, -n + 5 = -3*h. Let c(z) = z - 10. Give c(h).
-10
Let m(i) = -4*i**3 + 17*i**2 - 10*i - 33. Let g(k) = 3*k**3 - 11*k**2 + 7*k + 22. Let v(u) = -7*g(u) - 5*m(u). Calculate v(-8).
3
Let w = 0 - -2. Let j(x) = 0*x**2 - 3*x**w - x + 2*x**2. Suppose -5*y - 25 = -5*c, -10 = 2*c + 4*y + 4. Give j(c).
-2
Suppose y = 6*y. Suppose y = -2*o, z + 0*o = 5*o + 3. Let x(i) = i**2 - 2*i - 2. Calculate x(z).
1
Let y(p) = 2*p**2 + p - 1. Suppose -3*c - 10 = 2*c. Determine y(c).
5
Let q(x) be the first derivative of -x**3/3 + 3*x**2 + x + 2. Let s be q(6). Let d(l) be the second derivative of l**4/3 - l**3/6 - l. What is d(s)?
3
Let h(o) be the third derivative of o**8/10080 - o**6/360 - o**5/30 - o**2. Let z(x) be the third derivative of h(x). Let k = -6 - -4. Give z(k).
6
Let j be 3 - (0 + (-177)/(-60)). Let c(o) be the second derivative of 0 + 1/4*o**4 - 1/3*o**3 - j*o**5 - o - 1/2*o**2. Give c(2).
-1
Suppose -a + 3 = -0*a. Let q(f) = 2*f - 4 + 0*f + 2*f. What is q(a)?
8
Let g(c) 